
Suppose -4*t + 10 = p, 4*t - 20 = p + 2*t. Let y(d) = -8*d - 9. Let j be y(p). Suppose -5*u - g + j = 3*g, 48 = 4*u + g. What are the prime factors of u?
11
Let c = 2619 + -16. List the prime factors of c.
19, 137
Suppose 262 = f + 5*h - 19, 3*h + 1321 = 5*f. What are the prime factors of f/30 - (-18)/135?
3
Let g(z) = -164*z - 30. What are the prime factors of g(-3)?
2, 3, 7, 11
Suppose -5*k + k = -8. Suppose 0 = -6*f + 3*f - 6, -2*m + k = 4*f. Suppose m*v - 5 - 35 = -5*u, -3*v = -2*u - 44. List the prime factors of v.
2, 3
Suppose 16*l + 1272 = 24*l. Let d = -54 + l. What are the prime factors of d?
3, 5, 7
Suppose d = -z + 1256, 4*z - 4*d - 1912 = 3128. What are the prime factors of z?
2, 17, 37
Let n = 44 + -44. What are the prime factors of n/9 + (91 - 1)?
2, 3, 5
Let g = -19 - -16. Let y(b) = 17*b**2 - 9*b - 15. What are the prime factors of y(g)?
3, 5, 11
Let g(i) = -i + 3. Let u be g(6). What are the prime factors of 5148/54 + ((-2)/u)/1?
2, 3
Suppose 0 = 3*z - 46 - 44. Let d be (-38)/12 + 5/z. What are the prime factors of ((-26)/d)/((-2)/(-6))?
2, 13
What are the prime factors of (-2)/5*-10 - -305?
3, 103
Let t(l) = l**2 - 12*l - 25. Let s be t(12). Let m(r) = r**2 + 22*r + 48. What are the prime factors of m(s)?
3, 41
Let x(c) = -c**3 + 2*c**2 - c - 1. Let j be x(2). Let l(s) = -5*s + 2. Let d be l(j). Let k = d + -5. List the prime factors of k.
2, 3
Let z = 31 - 30. Let l be (2 + -5)*(-2 + z). Suppose 0 = l*u + 2*x - 162 - 46, -u + x + 66 = 0. What are the prime factors of u?
2, 17
Let o(s) = s**2 - 7*s + 6. Let t be (-642)/22 - (-4)/22. Let k = -21 - t. List the prime factors of o(k).
2, 7
Let d(b) = -34*b**2 + 3*b - 1. Let c(o) = 34*o**2 - 3*o + 1. Let n(t) = -4*c(t) - 5*d(t). What are the prime factors of n(2)?
131
What are the prime factors of (-10)/(4 + (-868)/216)?
2, 3, 5
Let v = -301 + 311. Let n be (-598)/6 - (-1)/(-3). List the prime factors of (5/v)/((-2)/n).
5
Let y be (19/((-19)/(-18)))/((-4)/6). Let m = y + 89. What are the prime factors of m?
2, 31
Let s be (-2)/8 - 51/(-12). Let m(i) = i**2 + 13*i - 11. Let c be m(10). Suppose 3*x = s*x + j - 45, -j = -5*x + c. List the prime factors of x.
2, 11
Let f = -555 - -1152. List the prime factors of f.
3, 199
Suppose 0 = -2*h - 2*b - 256, -4*b + 3*b + 124 = -h. List the prime factors of 18*((-1590)/h + (-4)/14).
2, 3, 37
Let s = -16 - -17. Let y be -2 - s - 0 - -11. What are the prime factors of (-12)/y*-5*4?
2, 3, 5
Let r(q) = -q + 16 - 2*q - 23. Let t be r(-4). Suppose t*x = -0*x + 90. List the prime factors of x.
2, 3
Let g(v) = 4*v + 5. Let p be g(4). Suppose 0*o - 2*o + p = -y, 29 = 3*o - 2*y. Suppose -50 = -3*j + o. List the prime factors of j.
3, 7
Let k be 0*4/12 + 0. Suppose k = 5*r - 6*r + 37. Suppose j + 3*j - 75 = c, -c - r = -2*j. What are the prime factors of j?
19
Let f(x) = -362*x - 29. List the prime factors of f(-3).
7, 151
List the prime factors of 101236/36 - ((-51)/27 + 2).
2, 19, 37
Suppose -18*w + 14*w = 2*m - 1572, -3*w = 3. What are the prime factors of m?
2, 197
Let p = 9 - -134. Let t = 25 + p. List the prime factors of t.
2, 3, 7
Let z(g) = -26*g + 41. List the prime factors of z(-14).
3, 5
Let l = -81 + 81. Let m = -1 - -6. Let y = m - l. What are the prime factors of y?
5
Suppose 7*f - 9*f = -88. Suppose 0 = -2*t + 168 + f. List the prime factors of t.
2, 53
Let q(b) = -3*b**2 + 14*b - 5. Let l be q(4). Suppose -5*u = a - 82, 2*u + 314 = -l*a + 6*a. List the prime factors of a.
2, 3, 17
Let h(m) = 5*m - 26. Let c be h(6). Let y(p) = 4*p**3 - 6*p**2 + 6*p - 2. What are the prime factors of y(c)?
2, 7, 13
Suppose 0 = -s + 22 + 10. List the prime factors of s.
2
Let v(m) = 3*m - 6 + 0 - 2 + m**2 - 3. List the prime factors of v(-11).
7, 11
Suppose 0 = -8*i + 4*i + 2*p + 10442, i + 5*p = 2638. List the prime factors of i.
3, 13, 67
Let w(i) = -19*i**3 - i**2 - 42*i - 10. List the prime factors of w(-6).
2, 5, 431
Let g = 10 - 6. Let d = 82 - 72. What are the prime factors of g/(-10)*(-80 + d)?
2, 7
Let a = -8 + 16. Suppose 8 = 4*l - a. Let k = 3 + l. List the prime factors of k.
7
Let x(j) = 1325*j**2 + 2*j - 13. List the prime factors of x(2).
11, 13, 37
Suppose 0 = 3*l - 0*l - 4*f + 5, f + 1 = 0. Let s = -1 + l. List the prime factors of 4199/169 - s/26.
5
Let h = -214 + 300. Let r = -23 + h. List the prime factors of r.
3, 7
Suppose 0 = -2*a - 4 - 2. Let f be (-6 - a) + 3 - -4. Suppose 0 = y - r + 3*r - 32, -119 = -f*y - 5*r. List the prime factors of y.
2, 13
Let w = 17 + -12. Suppose 0 = 5*n - 2*m - 22, 5*n + w*m = 2*n + 7. List the prime factors of (-57)/(-2) + (-2)/n.
2, 7
Let r(s) = 2*s**2 + s - 1. Let u be 1 - ((-2 - -1) + -2). Suppose 0*l - 8 = u*l. List the prime factors of r(l).
5
Suppose 2*x - 57 = 45. Suppose x*g - 624 = 47*g. List the prime factors of g.
2, 3, 13
Suppose 5*s = 2*s + n - 37, -2*s + n - 25 = 0. Let m be 15/2 + (-18)/s. Suppose -2*w + 105 = -m. What are the prime factors of w?
3, 19
Suppose 3*j + 5 = -7, -4*d + 5*j = -36. Suppose -d*m = x - 74, 4*x + x + 3*m = 438. List the prime factors of x.
2, 3, 5
Let w = 55 + -15. Let t = w + -66. Let n = t + 51. What are the prime factors of n?
5
Let c be 57/95*(-10)/2. What are the prime factors of 47 + -9 + 4 + c?
3, 13
Suppose -4*z + 5*l = -0*z - 18, -2*z = 4*l + 4. Let t be -22 + (-6 - -3) + z. What are the prime factors of 3 - (t + 2 - 2)?
2, 13
Let l(h) = -4*h**3 - 12*h**2 - 3*h + 7. What are the prime factors of l(-5)?
2, 3, 37
What are the prime factors of 1/(-5) + 24492/60?
2, 3, 17
Suppose 712 = 2*k + 5*i, -k + 4*k - 1068 = 5*i. Suppose 3*h = -2*h + 3*j + k, -274 = -4*h - 3*j. List the prime factors of h.
2, 5, 7
Let p = 214 + -43. Let o = -111 + p. List the prime factors of o.
2, 3, 5
Let l(r) be the second derivative of r**5/10 + r**4/12 - 5*r**3/6 + 7*r**2/2 - 3*r. What are the prime factors of l(3)?
5, 11
Suppose 3*y - 6*q + 7*q = 3669, 0 = 3*q + 9. What are the prime factors of y?
2, 3, 17
Let n = 59 - -13. Suppose -4 = u + 39. Let b = n + u. What are the prime factors of b?
29
Let n = 3 - -1. Suppose -19 = -n*m + 17. List the prime factors of m.
3
Let v(l) = l**2 + 5*l + 17. Let r be v(-7). Let o = r - -2. List the prime factors of o.
3, 11
Suppose 0 = -3*z - 17 + 2, -z = 3*w + 5. Suppose w = -9*n + 12*n - 384. List the prime factors of n.
2
Suppose -3*a = 4*s - 1301, -3*a + 407 = 5*s - 1220. What are the prime factors of s?
2, 163
Suppose 17*v + 2072 = 24*v. What are the prime factors of v?
2, 37
Let x(o) = -o**3 - 3*o**2 + 6*o. Suppose -21 = 3*t - 6. List the prime factors of x(t).
2, 5
List the prime factors of 3*1 + 0 + (-54 - -545).
2, 13, 19
Suppose -113 = -5*g + 427. Suppose -2*j + 118 = t, 0 = 2*t - t + 4*j - g. List the prime factors of t.
2
Let s(p) = p**2 - 2. Let x be s(2). Suppose 0 = -x*y + 4*y - 18. What are the prime factors of y?
3
Let p(k) = 2*k + 24. Let s be p(-5). Suppose 32 = 2*j + s. List the prime factors of j.
3
Suppose 4*h + h - 2*o - 37 = 0, -5*h = -4*o - 39. Let s(t) = 11*t**2 - t**3 + 9*t + 1 - 5*t**2 - t. List the prime factors of s(h).
2
Let q(r) = 13*r**2 + 33 - r**2 - 12*r + r**2 + r**3. What are the prime factors of q(-14)?
5
Let p(o) = -30*o. Let t be p(-2). Suppose 6*k - t = 2*k. Suppose 5 + k = 2*s. List the prime factors of s.
2, 5
Let f(m) = -4*m**2 + 8*m + 15. Let l(v) = v**2 - v - 1. Let c(s) = -f(s) - 2*l(s). Suppose 0 = 7*w - 6*w - 6. List the prime factors of c(w).
23
Suppose -5*g + 4 = -16. Suppose g*o - q - q + 112 = 0, 3*q - 28 = o. List the prime factors of (-1 - 0)/(-1) - o.
29
Let l(v) = v**3 - 17*v**2 + 20*v + 35. Let h be l(16). Suppose 3*t = -3*k + 231, 3*t + h = 5*k - 278. What are the prime factors of k?
2, 19
Let z(j) = 2 + 7*j + 5*j**2 + 1 - j**3 + 7*j. Let l be z(7). Suppose 3*d = -0*x - l*x + 39, -5 = 5*x. List the prime factors of d.
2, 7
Suppose -5*a + 3*s + 1958 = 0, 0*s + 5*s = -5. List the prime factors of a.
17, 23
Let f be (-4)/2*1/(-2). Let d = 2 + f. Suppose -o - 2 = -3*y - 25, -3*y + 69 = d*o. List the prime factors of o.
23
Suppose 0 = -o + 3*s + 4305, 0*o - 5*o - 4*s + 21487 = 0. List the prime factors of o.
3, 1433
Let q = 316 + -189. What are the prime factors of q?
127
Suppose 44 = 3*u + 2*w, 4*u - 2*w - w = 87. Suppose -u = -m + 3*s, m + 2*s - 4 = -m. List the prime factors of m.
2, 